{"id":2590,"date":"2019-08-15T18:13:50","date_gmt":"2019-08-15T16:13:50","guid":{"rendered":"http:\/\/www.brignogan-blog.com\/?page_id=2590"},"modified":"2019-10-26T13:43:05","modified_gmt":"2019-10-26T11:43:05","slug":"brignogan-plages","status":"publish","type":"page","link":"https:\/\/www.brignogan-blog.com\/?page_id=2590&lang=de","title":{"rendered":"Brignogan-Plages"},"content":{"rendered":"<p><img loading=\"lazy\" decoding=\"async\" class=\"wp-image-2357 size-medium alignright\" style=\"font-size: 14.4px;\" src=\"https:\/\/www.brignogan-blog.com\/wp-content\/uploads\/2019\/02\/vignette-294x300.jpg\" alt=\"\" width=\"294\" height=\"300\" srcset=\"https:\/\/www.brignogan-blog.com\/wp-content\/uploads\/2019\/02\/vignette-294x300.jpg 294w, https:\/\/www.brignogan-blog.com\/wp-content\/uploads\/2019\/02\/vignette-768x783.jpg 768w, https:\/\/www.brignogan-blog.com\/wp-content\/uploads\/2019\/02\/vignette-1005x1024.jpg 1005w, https:\/\/www.brignogan-blog.com\/wp-content\/uploads\/2019\/02\/vignette-250x255.jpg 250w\" sizes=\"auto, (max-width: 294px) 100vw, 294px\" \/><\/p>\n<p style=\"text-align: justify;\"><span style=\"font-size: 14pt; font-family: georgia, palatino, serif;\"><strong>Brignogan-Plages<\/strong>, ein kleines Dorf an der Nordk\u00fcste des <strong>Finist\u00e8re<\/strong>, von 1934\/36 bis 2016 selbst\u00e4ndige Gemeinde; vorher nur Dorfteil einer anderen, <strong>Ploun\u00e9our-Trez<\/strong>, mit der man sich ab 1.1.2017 zu einer neuen zusammenschloss, die beider Namen trug, <strong>Ploun\u00e9our-Brignogan-Plages<\/strong>. Aber schon seit Ende des 19. Jahrhunderts war man als &#8222;<strong>station baln\u00e9aire&#8220;<\/strong> und damit sich entwickelnder touristischer Ort viel bekannter als die eigentliche Hauptgemeinde. Die Geschichte von Brignogan ist nun die Geschichte der kleinen oder gr\u00f6sserer Ferienh\u00e4user, den sogenannten &#8222;<strong>villas&#8220;<\/strong>. Seit dem Ende des 19. Jahrhunderts setzt eine durchaus bemerkenswerte Baut\u00e4tigkeit ein, H\u00e4user zu errichten, die den Charakter dieser Gemeinde in jeder Hinsicht bestimmen. Wobei klar sein sollte, dass diese H\u00e4user hinsichtlich Substanz eher Zweitwohnsitze und zum anderen, heutzutage, ohnehin erheblich in die Jahre gekommen sind.&nbsp; Aber auch insbesondere das Problem der Gemeinde, in der Saison, im Sommer, hyperaktiv und f\u00fcr die restliche Zeit eher ausgestorben und still zu sein. Die Geschichte dieser Gemeinde ist somit sehr stark die Geschichte dieser H\u00e4user und soll hiermit etwas n\u00e4her untersucht werden. Insgesamt wird damit auch ein St\u00fcck der Tourismus-Geschichte der ganzen Bretagne erz\u00e4hlt. <strong>(<a href=\"?page_id=2843\" target=\"_blank\" rel=\"noopener noreferrer\">mehr dazu erfahren &#8230;<\/a>)<\/strong><\/span><\/p>\n<p style=\"text-align: justify;\"><img loading=\"lazy\" decoding=\"async\" class=\"size-full wp-image-2585 alignleft\" src=\"https:\/\/www.brignogan-blog.com\/wp-content\/uploads\/2019\/08\/vignette_depeche.jpg\" alt=\"\" width=\"400\" height=\"178\" srcset=\"https:\/\/www.brignogan-blog.com\/wp-content\/uploads\/2019\/08\/vignette_depeche.jpg 400w, https:\/\/www.brignogan-blog.com\/wp-content\/uploads\/2019\/08\/vignette_depeche-300x134.jpg 300w, https:\/\/www.brignogan-blog.com\/wp-content\/uploads\/2019\/08\/vignette_depeche-250x111.jpg 250w\" sizes=\"auto, (max-width: 400px) 100vw, 400px\" \/><\/p>\n<p style=\"text-align: justify;\"><span style=\"font-family: georgia, palatino, serif; font-size: 14pt;\">Von 1886 bis 1944 erschien &#8222;<strong>La D\u00e9p\u00eache (de Brest)&#8220;<\/strong>&nbsp;und man darf vermuten, dass sie ein oft und vielleicht auch einziges, gelesenes Zeitungsblatt im Finist\u00e8re gewesen ist. Au\u00dfer dem \u201e<strong>de Brest<\/strong>\u201c trug man auch in den sp\u00e4teren Jahren des Erscheinens \u201e<strong>et de l\u2019Ouest<\/strong>\u201c im Titel. Man verstand sich als \u201eRepublikanisches Blatt\u201c und als Blatt f\u00fcr Brest und den ganzen Westen und man d\u00fcrfte auch die Hauptnachrichtenquelle seiner Zeit gewesen sein.<\/span><br \/>\n<span style=\"font-family: georgia, palatino, serif; font-size: 14pt;\"><img loading=\"lazy\" decoding=\"async\" class=\"wp-image-2586 alignleft\" src=\"https:\/\/www.brignogan-blog.com\/wp-content\/uploads\/2019\/08\/vignette_normale-150x150.jpg\" alt=\"\" width=\"142\" height=\"200\" srcset=\"https:\/\/www.brignogan-blog.com\/wp-content\/uploads\/2019\/08\/vignette_normale-213x300.jpg 213w, https:\/\/www.brignogan-blog.com\/wp-content\/uploads\/2019\/08\/vignette_normale-250x352.jpg 250w, https:\/\/www.brignogan-blog.com\/wp-content\/uploads\/2019\/08\/vignette_normale.jpg 400w\" sizes=\"auto, (max-width: 142px) 100vw, 142px\" \/>Die Aufbereitung der \u201e<strong>D\u00e9p\u00eache<\/strong>\u201c (<a href=\"https:\/\/www.ladepechedebrest.fr\">www.ladepechedebrest.fr<\/a>) im Internet l\u00e4sst spannende Entdeckungen zu. \u00dcber alle Ausgaben hinweg kann man alle m\u00f6glichen Recherchen anstellen.<\/span><img loading=\"lazy\" decoding=\"async\" class=\"wp-image-2587 alignright\" style=\"font-size: 14.4px;\" src=\"https:\/\/www.brignogan-blog.com\/wp-content\/uploads\/2019\/08\/vignette_sportive-150x150.jpg\" alt=\"\" width=\"137\" height=\"200\" srcset=\"https:\/\/www.brignogan-blog.com\/wp-content\/uploads\/2019\/08\/vignette_sportive-206x300.jpg 206w, https:\/\/www.brignogan-blog.com\/wp-content\/uploads\/2019\/08\/vignette_sportive-250x364.jpg 250w, https:\/\/www.brignogan-blog.com\/wp-content\/uploads\/2019\/08\/vignette_sportive.jpg 400w\" sizes=\"auto, (max-width: 137px) 100vw, 137px\" \/><\/p>\n<p style=\"text-align: justify;\"><span style=\"font-family: georgia, palatino, serif;\"><span style=\"font-size: 14pt;\">Die Zeitung erschien jeden Tag, also auch sonntags, und zudem im Verlauf des Erscheinens jeweils mittwochs mit einer Beilage \u201eSport und Tourismus\u201c (ab 1923) , und zudem (ab Juni 1915) mit einer speziellen \u201eSoir\u201c-Ausgabe, also zweimal pro Tag.<\/span><span style=\"font-size: 14pt;\">&nbsp;\u00dcber alle einzelnen Ausgaben hinweg oder zeitlich eingegrenzt lassen sich Namen, Begriffe, Personen oder sonst was abfragen. <\/span><span style=\"font-size: 12pt;\"><span style=\"font-size: 14pt;\">Eben diese Zeitung mit all ihren Artikeln soll als Zeitzeuge bem\u00fcht werden, woimmer sich interessante Geschichten damit erz\u00e4hlen lassen.<br \/>\n<span style=\"font-size: 14pt;\"><strong>(<a href=\"?page_id=2709\" target=\"_blank\" rel=\"noopener noreferrer\">mehr dazu erfahren &#8230;<\/a>)<\/strong><\/span><\/span><\/span><\/span><\/p>\n<p style=\"text-align: justify;\">&nbsp; <img loading=\"lazy\" decoding=\"async\" class=\"ngg-singlepic ngg-none alignright\" src=\"https:\/\/www.brignogan-blog.com\/wp-content\/gallery\/villas\/thumbs\/thumbs_FRAC29103_1NUM020_006.jpg\" alt=\"LeMeur_Icone\" width=\"240\" height=\"160\"><\/p>\n<p style=\"text-align: justify;\"><span style=\"font-family: helvetica, arial, sans-serif; font-size: 14pt;\">I<span style=\"font-family: georgia, palatino, serif;\">n der Stadt <strong>Landerneau<\/strong> gibt es eine umfangreiche \u00f6ffentliche <strong>Mediathek<\/strong>, die mit ihrem Service &#8222;<strong>archives &amp; patrimoine(s)<\/strong>&#8220; 2018 eine Ausstellung zum Thema &#8222;<strong><em>LeMeur<\/em>, Geschichte einer Architekten-Familie 1835-1956<\/strong>&#8220; einem der Protagonisten der hier zu betrachtenden geschichtlichen Zusammenh\u00e4nge und Entwicklungen gewidmet hat (<a href=\"https:\/\/patrimoine.landerneau.bzh\/expositions\/exposition-exposition-les-le-meur-architectes-de-la-couleur-23\/n:52\" target=\"_blank\" rel=\"noopener noreferrer\">exposition-les-le-meur-architectes-de-la-couleur<\/a>). Die Architekten <strong>LeMeur<\/strong> haben in ihrer Zeit sehr stark die Erscheinung von Brignogan bzw. die weitere Umgebung von Landerneau gepr\u00e4gt. Ihr dokumentierten Baustil findet sich so oder so \u00e4hnlich auch bei ihren Mitbewerbern. Schon damals war es m\u00f6glich, sein gew\u00fcnschtes Haus via Katalog auszuw\u00e4hlen; die Bauvorschl\u00e4ge sind nicht nur als Bauentwurfszeichnung sondern auch als Aquarelle anschaulich bebildert worden.<\/span><br \/>\n<span style=\"font-family: georgia, palatino, serif;\"><strong>(<a href=\"?page_id=2640\" target=\"_blank\" rel=\"noopener noreferrer\">mehr dazu erfahren &#8230;<\/a>)<\/strong><\/span><\/span><\/p>\n<p><strong><span style=\"background-color: #bff8fc; border: 1px solid #506ef4; padding: 2px 5px; border-radius: 3px; box-shadow: #888888 5px 5px 2px;\">Referenzen und Urheberhinweis :<\/span><\/strong><\/p>\n<ul>\n<li><span style=\"font-size: 0.9rem; background-color: #bff8fc; border: 1px solid #506ef4; padding: 2px 5px; border-radius: 3px; box-shadow: #888888 5px 5px 2px;\">La D\u00e9p\u00eache de Brest (1886-1944) &#8211; collections num\u00e9riques &#8211; https:\/\/www.ladepechedebrest.fr<\/span><\/li>\n<li><span style=\"background-color: #bff8fc; border: 1px solid #506ef4; padding: 2px 5px; border-radius: 3px; box-shadow: #888888 5px 5px 2px;\">Coll. Ville de Landerneau, Exposition 2018 : Les Le Meur, architectes de la couleur.<\/span><br \/>\n<span style=\"background-color: #bff8fc; border: 1px solid #506ef4; padding: 2px 5px; border-radius: 3px; box-shadow: #888888 5px 5px 2px;\">Archives &amp; patrimoine(s) de la Ville de Landerneau &#8211; https:\/\/patrimoine.landerneau.bzh<\/span><\/li>\n<li><span style=\"background-color: #bff8fc; border: 1px solid #506ef4; padding: 2px 5px; border-radius: 3px; box-shadow: #888888 5px 5px 2px;\">http:\/\/brigenimage.horst-klug.com<\/span><\/li>\n<li><span style=\"background-color: #bff8fc; border: 1px solid #506ef4; padding: 2px 5px; border-radius: 3px; box-shadow: #888888 5px 5px 2px;\">BnF\/GALLICA, domaine public provenant des collections de la Biblioth\u00e8que nationale de France.<\/span><br \/>\n<span style=\"background-color: #bff8fc; border: 1px solid #506ef4; padding: 2px 5px; border-radius: 3px; box-shadow: #888888 5px 5px 2px;\">https:\/\/www.bnf.fr\/fr<\/span><\/li>\n<\/ul>\n","protected":false},"excerpt":{"rendered":"<p>Brignogan-Plages, ein kleines Dorf an der Nordk\u00fcste des Finist\u00e8re, von 1934\/36 bis 2016 selbst\u00e4ndige Gemeinde; vorher nur Dorfteil einer anderen,&hellip;<\/p>\n","protected":false},"author":1,"featured_media":0,"parent":0,"menu_order":0,"comment_status":"closed","ping_status":"closed","template":"full-width.php","meta":{"ngg_post_thumbnail":0,"footnotes":""},"class_list":["post-2590","page","type-page","status-publish","hentry"],"_links":{"self":[{"href":"https:\/\/www.brignogan-blog.com\/index.php?rest_route=\/wp\/v2\/pages\/2590","targetHints":{"allow":["GET"]}}],"collection":[{"href":"https:\/\/www.brignogan-blog.com\/index.php?rest_route=\/wp\/v2\/pages"}],"about":[{"href":"https:\/\/www.brignogan-blog.com\/index.php?rest_route=\/wp\/v2\/types\/page"}],"author":[{"embeddable":true,"href":"https:\/\/www.brignogan-blog.com\/index.php?rest_route=\/wp\/v2\/users\/1"}],"replies":[{"embeddable":true,"href":"https:\/\/www.brignogan-blog.com\/index.php?rest_route=%2Fwp%2Fv2%2Fcomments&post=2590"}],"version-history":[{"count":63,"href":"https:\/\/www.brignogan-blog.com\/index.php?rest_route=\/wp\/v2\/pages\/2590\/revisions"}],"predecessor-version":[{"id":2981,"href":"https:\/\/www.brignogan-blog.com\/index.php?rest_route=\/wp\/v2\/pages\/2590\/revisions\/2981"}],"wp:attachment":[{"href":"https:\/\/www.brignogan-blog.com\/index.php?rest_route=%2Fwp%2Fv2%2Fmedia&parent=2590"}],"curies":[{"name":"wp","href":"https:\/\/api.w.org\/{rel}","templated":true}]}}